{"id":132,"date":"2017-05-26T08:39:08","date_gmt":"2017-05-26T08:39:08","guid":{"rendered":"http:\/\/www.tiefbau-boehm.de\/?page_id=132"},"modified":"2022-05-24T10:52:13","modified_gmt":"2022-05-24T10:52:13","slug":"freistellungsbescheinigung","status":"publish","type":"page","link":"https:\/\/www.tiefbau-boehm.de\/?page_id=132","title":{"rendered":"Freistellungbescheinigung"},"content":{"rendered":"<hr \/>\n<p style=\"text-align: left;\">Die <a href=\"https:\/\/www.tiefbau-boehm.de\/wp-content\/uploads\/2022\/05\/Freistellung-Tiefbau-Boehm_2022.pdf\" target=\"_blank\" rel=\"noopener noreferrer\">Freistellungsbescheinigung <\/a>k\u00f6nnen Sie hier als PDF f\u00fcr Ihre Unterlagen downloaden.<\/p>\n<p>Den <a href=\"https:\/\/www.tiefbau-boehm.de\/wp-content\/uploads\/2022\/05\/Nachweis-Finanzamt-2022.pdf\" target=\"_blank\" rel=\"noopener\">Nachweis zur Steuerschuldnerschaft<\/a> k\u00f6nnen Sie hier als PDF downloaden.<\/p>\n","protected":false},"excerpt":{"rendered":"<p>Die Freistellungsbescheinigung k\u00f6nnen Sie hier als PDF f\u00fcr Ihre Unterlagen downloaden. Den Nachweis zur Steuerschuldnerschaft k\u00f6nnen Sie hier als PDF downloaden.<\/p>\n","protected":false},"author":1,"featured_media":39,"parent":0,"menu_order":5,"comment_status":"closed","ping_status":"closed","template":"","meta":{"footnotes":""},"class_list":["post-132","page","type-page","status-publish","has-post-thumbnail","hentry"],"_links":{"self":[{"href":"https:\/\/www.tiefbau-boehm.de\/index.php?rest_route=\/wp\/v2\/pages\/132","targetHints":{"allow":["GET"]}}],"collection":[{"href":"https:\/\/www.tiefbau-boehm.de\/index.php?rest_route=\/wp\/v2\/pages"}],"about":[{"href":"https:\/\/www.tiefbau-boehm.de\/index.php?rest_route=\/wp\/v2\/types\/page"}],"author":[{"embeddable":true,"href":"https:\/\/www.tiefbau-boehm.de\/index.php?rest_route=\/wp\/v2\/users\/1"}],"replies":[{"embeddable":true,"href":"https:\/\/www.tiefbau-boehm.de\/index.php?rest_route=%2Fwp%2Fv2%2Fcomments&post=132"}],"version-history":[{"count":18,"href":"https:\/\/www.tiefbau-boehm.de\/index.php?rest_route=\/wp\/v2\/pages\/132\/revisions"}],"predecessor-version":[{"id":333,"href":"https:\/\/www.tiefbau-boehm.de\/index.php?rest_route=\/wp\/v2\/pages\/132\/revisions\/333"}],"wp:featuredmedia":[{"embeddable":true,"href":"https:\/\/www.tiefbau-boehm.de\/index.php?rest_route=\/wp\/v2\/media\/39"}],"wp:attachment":[{"href":"https:\/\/www.tiefbau-boehm.de\/index.php?rest_route=%2Fwp%2Fv2%2Fmedia&parent=132"}],"curies":[{"name":"wp","href":"https:\/\/api.w.org\/{rel}","templated":true}]}}